{"id":36,"date":"2016-11-16T15:42:28","date_gmt":"2016-11-16T14:42:28","guid":{"rendered":"https:\/\/mumm-mg.de\/gmbh\/?page_id=36"},"modified":"2019-09-08T10:39:54","modified_gmt":"2019-09-08T08:39:54","slug":"mummi","status":"publish","type":"page","link":"https:\/\/mumm-mg.de\/gmbh\/","title":{"rendered":"GmbH"},"content":{"rendered":"<p>[et_pb_section bb_built=&#8220;1&#8243; width_unit=&#8220;off&#8220; fullwidth=&#8220;on&#8220; specialty=&#8220;off&#8220; disabled=&#8220;on&#8220; module_id=&#8220;header-bild-mumm&#8220; custom_padding_tablet=&#8220;50px|0|50px|0&#8243; custom_padding_last_edited=&#8220;on|desktop&#8220; next_background_color=&#8220;rgba(255,255,255,0)&#8220; _builder_version=&#8220;3.0.101&#8243; disabled_on=&#8220;on|on|on&#8220; global_module=&#8220;95&#8243;][et_pb_fullwidth_slider admin_label=&#8220;Header-Bild Mummi&#8220; global_parent=&#8220;95&#8243; show_arrows=&#8220;on&#8220; show_pagination=&#8220;on&#8220; show_image_video_mobile=&#8220;off&#8220; custom_button=&#8220;off&#8220; button_icon_placement=&#8220;right&#8220; disabled=&#8220;off&#8220; custom_padding=&#8220;|||&#8220; show_content_on_mobile=&#8220;on&#8220; show_cta_on_mobile=&#8220;on&#8220; background_repeat=&#8220;repeat&#8220; _builder_version=&#8220;3.0.101&#8243; box_shadow_blur=&#8220;10px&#8220; box_shadow_color=&#8220;rgba(0,0,0,0.1)&#8220;][et_pb_slide button_link=&#8220;#&#8220; background_image=&#8220;https:\/\/mumm-mg.de\/wp-content\/uploads\/2016\/11\/gummistiefel-1920&#215;800.jpg&#8220; background_position=&#8220;center&#8220; background_size=&#8220;cover&#8220; background_color=&#8220;#ffffff&#8220; use_bg_overlay=&#8220;off&#8220; use_text_overlay=&#8220;off&#8220; alignment=&#8220;center&#8220; background_layout=&#8220;dark&#8220; allow_player_pause=&#8220;off&#8220; text_border_radius=&#8220;3&#8243; header_font=&#8220;||||&#8220; body_font=&#8220;||||&#8220; button_font=&#8220;||||&#8220; disabled=&#8220;off&#8220; header_font_select=&#8220;default&#8220; body_font_select=&#8220;default&#8220; button_font_select=&#8220;default&#8220; _builder_version=&#8220;3.0.101&#8243; use_background_color_gradient=&#8220;off&#8220; background_color_gradient_start=&#8220;#2b87da&#8220; background_color_gradient_end=&#8220;#29c4a9&#8243; background_color_gradient_type=&#8220;linear&#8220; background_color_gradient_direction=&#8220;180deg&#8220; background_color_gradient_direction_radial=&#8220;center&#8220; background_color_gradient_start_position=&#8220;0%&#8220; background_color_gradient_end_position=&#8220;100%&#8220; background_color_gradient_overlays_image=&#8220;off&#8220; parallax=&#8220;off&#8220; parallax_method=&#8220;on&#8220; background_repeat=&#8220;no-repeat&#8220; background_blend=&#8220;normal&#8220; child_filter_hue_rotate=&#8220;0deg&#8220; child_filter_saturate=&#8220;100%&#8220; child_filter_brightness=&#8220;100%&#8220; child_filter_contrast=&#8220;100%&#8220; child_filter_invert=&#8220;0%&#8220; child_filter_sepia=&#8220;0%&#8220; child_filter_opacity=&#8220;100%&#8220; child_filter_blur=&#8220;0px&#8220; child_mix_blend_mode=&#8220;normal&#8220; background_video_pause_outside_viewport=&#8220;on&#8220; text_shadow_style=&#8220;none&#8220; header_text_shadow_style=&#8220;none&#8220; body_text_shadow_style=&#8220;none&#8220; custom_button=&#8220;off&#8220; button_bg_use_color_gradient=&#8220;off&#8220; button_bg_color_gradient_overlays_image=&#8220;off&#8220; button_use_icon=&#8220;on&#8220; button_on_hover=&#8220;on&#8220; button_text_shadow_style=&#8220;none&#8220; box_shadow_style_button=&#8220;none&#8220; \/][\/et_pb_fullwidth_slider][\/et_pb_section][et_pb_section bb_built=&#8220;1&#8243; admin_label=&#8220;section&#8220; transparent_background=&#8220;on&#8220; allow_player_pause=&#8220;off&#8220; inner_shadow=&#8220;off&#8220; parallax=&#8220;off&#8220; parallax_method=&#8220;on&#8220; padding_mobile=&#8220;off&#8220; make_fullwidth=&#8220;off&#8220; use_custom_width=&#8220;off&#8220; width_unit=&#8220;off&#8220; custom_width_px=&#8220;1080px&#8220; custom_width_percent=&#8220;80%&#8220; make_equal=&#8220;off&#8220; use_custom_gutter=&#8220;off&#8220; fullwidth=&#8220;off&#8220; specialty=&#8220;off&#8220; disabled=&#8220;off&#8220; background_color=&#8220;rgba(255,255,255,0)&#8220; custom_padding_tablet=&#8220;50px|0|50px|0&#8243; custom_padding_last_edited=&#8220;on|desktop&#8220; prev_background_color=&#8220;#ffffff&#8220;][et_pb_row admin_label=&#8220;row&#8220; make_fullwidth=&#8220;off&#8220; use_custom_width=&#8220;off&#8220; width_unit=&#8220;off&#8220; custom_width_px=&#8220;1080px&#8220; custom_width_percent=&#8220;80%&#8220; use_custom_gutter=&#8220;off&#8220; gutter_width=&#8220;3&#8243; padding_mobile=&#8220;off&#8220; allow_player_pause=&#8220;off&#8220; parallax=&#8220;off&#8220; parallax_method=&#8220;on&#8220; make_equal=&#8220;off&#8220; column_padding_mobile=&#8220;on&#8220; parallax_1=&#8220;off&#8220; parallax_method_1=&#8220;on&#8220; parallax_2=&#8220;off&#8220; parallax_method_2=&#8220;on&#8220; parallax_3=&#8220;off&#8220; parallax_method_3=&#8220;on&#8220; parallax_4=&#8220;off&#8220; parallax_method_4=&#8220;on&#8220; disabled=&#8220;off&#8220; background_position=&#8220;top_left&#8220; background_repeat=&#8220;repeat&#8220; background_size=&#8220;initial&#8220;][et_pb_column type=&#8220;4_4&#8243;][et_pb_text admin_label=&#8220;Text Titel GnbH&#8220; use_border_color=&#8220;off&#8220; disabled=&#8220;off&#8220; background_position=&#8220;top_left&#8220; background_repeat=&#8220;repeat&#8220; background_size=&#8220;initial&#8220; _builder_version=&#8220;3.21&#8243;]<\/p>\n<h1><span class=\"h1-text\">MUMM<br \/>Dienstleistungs- und Qualifizierungs GmbH<br \/><\/span><\/h1>\n<p>[\/et_pb_text][et_pb_text admin_label=&#8220;Text T\u00e4tigkeit&#8220; _builder_version=&#8220;3.21&#8243;]<\/p>\n<p>Mit der Ausweitung der Kitas im Bereich der MUMM-Familienservice gGmbH und der \u00dcbernahme von Aufgaben im Handwerks- und Dienstleistungsbereich f\u00fcr befreundete Vereine mussten die Aktivit\u00e4ten neu geordnet werden.<\/p>\n<p>Am 29. M\u00e4rz 2019 wurde deshalb die MUMM-Dienstleistungs- und Handels GmbH gegr\u00fcndet.<br \/>Alleiniger Gesellschafter ist der Mumm, Bildungs- und Qualifizierungszentrum, Schwerpunkt Frauen e.V..<\/p>\n<p>Ab 1. Mai 2019 wird die MUMM-Dienstleistungs- und Handels GmbH t\u00e4tig im Bereich Hausmeister-, Verwalter- und Personalabrechnungsleistungen sowie in der Herstellung und dem Handel mit Betreuungs- und Arbeitsmaterial f\u00fcr Kindertagesst\u00e4tten.<\/p>\n<p>[\/et_pb_text][et_pb_divider admin_label=&#8220;bunte Trennlinie&#8220; disabled_on=&#8220;on|on|off&#8220; module_class=&#8220;row-bottom-border&#8220; _builder_version=&#8220;3.0.101&#8243; saved_tabs=&#8220;all&#8220; color=&#8220;#ffffff&#8220; show_divider=&#8220;off&#8220; \/][\/et_pb_column][\/et_pb_row][et_pb_row][et_pb_column type=&#8220;1_2&#8243;][et_pb_text admin_label=&#8220;Text Vorstand&#8220; _builder_version=&#8220;3.21&#8243;]<\/p>\n<p><span class=\"HOEnZb adL\"><span style=\"color: #888888;\">MUMM<br \/>Dienstleistungs- und Handels GmbH<br \/>Gesch\u00e4ftsf\u00fchrerin: Dorothea H\u00fcttersen<br \/>Sitz der Gesellschaft: M\u00f6nchengladbach<\/span><\/span><\/p>\n<p><span class=\"HOEnZb adL\"><span style=\"color: #888888;\">HRB 18785<br \/><\/span><\/span><span class=\"HOEnZb adL\"><span style=\"color: #888888;\">Amtsgericht M\u00f6nchengladbach<br \/><\/span><\/span><\/p>\n<p>[\/et_pb_text][\/et_pb_column][et_pb_column type=&#8220;1_2&#8243;][et_pb_text admin_label=&#8220;Text Anschrift&#8220; _builder_version=&#8220;3.21&#8243;]<\/p>\n<p>Anschrift:<br \/>Christoffelstra\u00dfe 34<br \/>41236 M\u00f6nchengladbach<\/p>\n<p><a href=\"mailto:gmbh@mumm-mg.de\"><span class=\"et-info-email\">gmbh@mumm-mg.de<\/span><\/a><\/p>\n<p>[\/et_pb_text][\/et_pb_column][\/et_pb_row][\/et_pb_section]<\/p>\n","protected":false},"excerpt":{"rendered":"<p>MUMMDienstleistungs- und Qualifizierungs GmbH Mit der Ausweitung der Kitas im Bereich der MUMM-Familienservice gGmbH und der \u00dcbernahme von Aufgaben im Handwerks- und Dienstleistungsbereich f\u00fcr befreundete Vereine mussten die Aktivit\u00e4ten neu geordnet werden. Am 29. M\u00e4rz 2019 wurde deshalb die MUMM-Dienstleistungs- und Handels GmbH gegr\u00fcndet.Alleiniger Gesellschafter ist der Mumm, Bildungs- und Qualifizierungszentrum, Schwerpunkt Frauen e.V.. Ab [&hellip;]<\/p>\n","protected":false},"author":1,"featured_media":0,"parent":0,"menu_order":0,"comment_status":"closed","ping_status":"closed","template":"","meta":{"_et_pb_use_builder":"on","_et_pb_old_content":"","_et_gb_content_width":"","footnotes":""},"_links":{"self":[{"href":"https:\/\/mumm-mg.de\/gmbh\/wp-json\/wp\/v2\/pages\/36"}],"collection":[{"href":"https:\/\/mumm-mg.de\/gmbh\/wp-json\/wp\/v2\/pages"}],"about":[{"href":"https:\/\/mumm-mg.de\/gmbh\/wp-json\/wp\/v2\/types\/page"}],"author":[{"embeddable":true,"href":"https:\/\/mumm-mg.de\/gmbh\/wp-json\/wp\/v2\/users\/1"}],"replies":[{"embeddable":true,"href":"https:\/\/mumm-mg.de\/gmbh\/wp-json\/wp\/v2\/comments?post=36"}],"version-history":[{"count":12,"href":"https:\/\/mumm-mg.de\/gmbh\/wp-json\/wp\/v2\/pages\/36\/revisions"}],"predecessor-version":[{"id":722,"href":"https:\/\/mumm-mg.de\/gmbh\/wp-json\/wp\/v2\/pages\/36\/revisions\/722"}],"wp:attachment":[{"href":"https:\/\/mumm-mg.de\/gmbh\/wp-json\/wp\/v2\/media?parent=36"}],"curies":[{"name":"wp","href":"https:\/\/api.w.org\/{rel}","templated":true}]}}