{"id":396,"date":"2018-02-13T10:53:02","date_gmt":"2018-02-13T09:53:02","guid":{"rendered":"https:\/\/mumm-mg.de\/mumm-kids\/?page_id=396"},"modified":"2019-07-02T11:22:28","modified_gmt":"2019-07-02T09:22:28","slug":"familienzentrum-veranstaltungen-2018","status":"publish","type":"page","link":"https:\/\/mumm-mg.de\/mumm-kids\/familienzentrum-veranstaltungen-2018\/","title":{"rendered":"Familienzentrum &#8211; Veranstaltungen 2018"},"content":{"rendered":"<p>[et_pb_section bb_built=&#8220;1&#8243; width_unit=&#8220;off&#8220; fullwidth=&#8220;on&#8220; specialty=&#8220;off&#8220; disabled=&#8220;off&#8220; module_id=&#8220;header-bild-mumm&#8220; custom_padding_tablet=&#8220;50px|0|50px|0&#8243; custom_padding_last_edited=&#8220;on|desktop&#8220; next_background_color=&#8220;#fce4b0&#8243; _builder_version=&#8220;3.0.101&#8243; global_module=&#8220;95&#8243;][et_pb_fullwidth_slider admin_label=&#8220;Header-Bild Mumm-Kids&#8220; global_parent=&#8220;95&#8243; show_arrows=&#8220;on&#8220; show_pagination=&#8220;on&#8220; show_image_video_mobile=&#8220;off&#8220; custom_button=&#8220;off&#8220; button_icon_placement=&#8220;right&#8220; disabled=&#8220;off&#8220; custom_padding=&#8220;|||&#8220; show_content_on_mobile=&#8220;on&#8220; show_cta_on_mobile=&#8220;on&#8220; _builder_version=&#8220;3.0.101&#8243; box_shadow_blur=&#8220;10px&#8220; box_shadow_color=&#8220;rgba(0,0,0,0.1)&#8220; button_text_size__hover_enabled=&#8220;off&#8220; button_text_size__hover=&#8220;null&#8220; button_one_text_size__hover_enabled=&#8220;off&#8220; button_one_text_size__hover=&#8220;null&#8220; button_two_text_size__hover_enabled=&#8220;off&#8220; button_two_text_size__hover=&#8220;null&#8220; button_text_color__hover_enabled=&#8220;off&#8220; button_text_color__hover=&#8220;null&#8220; button_one_text_color__hover_enabled=&#8220;off&#8220; button_one_text_color__hover=&#8220;null&#8220; button_two_text_color__hover_enabled=&#8220;off&#8220; button_two_text_color__hover=&#8220;null&#8220; button_border_width__hover_enabled=&#8220;off&#8220; button_border_width__hover=&#8220;null&#8220; button_one_border_width__hover_enabled=&#8220;off&#8220; button_one_border_width__hover=&#8220;null&#8220; button_two_border_width__hover_enabled=&#8220;off&#8220; button_two_border_width__hover=&#8220;null&#8220; button_border_color__hover_enabled=&#8220;off&#8220; button_border_color__hover=&#8220;null&#8220; button_one_border_color__hover_enabled=&#8220;off&#8220; button_one_border_color__hover=&#8220;null&#8220; button_two_border_color__hover_enabled=&#8220;off&#8220; button_two_border_color__hover=&#8220;null&#8220; button_border_radius__hover_enabled=&#8220;off&#8220; button_border_radius__hover=&#8220;null&#8220; button_one_border_radius__hover_enabled=&#8220;off&#8220; button_one_border_radius__hover=&#8220;null&#8220; button_two_border_radius__hover_enabled=&#8220;off&#8220; button_two_border_radius__hover=&#8220;null&#8220; button_letter_spacing__hover_enabled=&#8220;off&#8220; button_letter_spacing__hover=&#8220;null&#8220; button_one_letter_spacing__hover_enabled=&#8220;off&#8220; button_one_letter_spacing__hover=&#8220;null&#8220; button_two_letter_spacing__hover_enabled=&#8220;off&#8220; button_two_letter_spacing__hover=&#8220;null&#8220; button_bg_color__hover_enabled=&#8220;off&#8220; button_bg_color__hover=&#8220;null&#8220; button_one_bg_color__hover_enabled=&#8220;off&#8220; button_one_bg_color__hover=&#8220;null&#8220; button_two_bg_color__hover_enabled=&#8220;off&#8220; button_two_bg_color__hover=&#8220;null&#8220;][et_pb_slide button_link=&#8220;#&#8220; background_image=&#8220;https:\/\/mumm-mg.de\/mumm-kids\/wp-content\/uploads\/sites\/7\/2016\/11\/gummistiefel-1920&#215;800.jpg&#8220; background_position=&#8220;center&#8220; background_size=&#8220;cover&#8220; background_color=&#8220;#ffffff&#8220; use_bg_overlay=&#8220;off&#8220; use_text_overlay=&#8220;off&#8220; alignment=&#8220;center&#8220; background_layout=&#8220;dark&#8220; allow_player_pause=&#8220;off&#8220; text_border_radius=&#8220;3&#8243; header_font=&#8220;||||&#8220; body_font=&#8220;||||&#8220; custom_button=&#8220;off&#8220; button_font=&#8220;||||&#8220; button_use_icon=&#8220;on&#8220; button_on_hover=&#8220;on&#8220; disabled=&#8220;off&#8220; header_font_select=&#8220;default&#8220; body_font_select=&#8220;default&#8220; button_font_select=&#8220;default&#8220; _builder_version=&#8220;3.0.101&#8243; use_background_color_gradient=&#8220;off&#8220; background_color_gradient_start=&#8220;#2b87da&#8220; background_color_gradient_end=&#8220;#29c4a9&#8243; background_color_gradient_type=&#8220;linear&#8220; background_color_gradient_direction=&#8220;180deg&#8220; background_color_gradient_direction_radial=&#8220;center&#8220; background_color_gradient_start_position=&#8220;0%&#8220; background_color_gradient_end_position=&#8220;100%&#8220; background_color_gradient_overlays_image=&#8220;off&#8220; parallax=&#8220;off&#8220; parallax_method=&#8220;on&#8220; background_repeat=&#8220;no-repeat&#8220; background_blend=&#8220;normal&#8220; background_video_pause_outside_viewport=&#8220;on&#8220; child_filter_hue_rotate=&#8220;0deg&#8220; child_filter_saturate=&#8220;100%&#8220; child_filter_brightness=&#8220;100%&#8220; child_filter_contrast=&#8220;100%&#8220; child_filter_invert=&#8220;0%&#8220; child_filter_sepia=&#8220;0%&#8220; child_filter_opacity=&#8220;100%&#8220; child_filter_blur=&#8220;0px&#8220; child_mix_blend_mode=&#8220;normal&#8220; text_shadow_style=&#8220;none&#8220; header_text_shadow_style=&#8220;none&#8220; body_text_shadow_style=&#8220;none&#8220; button_bg_use_color_gradient=&#8220;off&#8220; button_bg_color_gradient_overlays_image=&#8220;off&#8220; button_text_shadow_style=&#8220;none&#8220; box_shadow_style_button=&#8220;none&#8220; text_shadow_horizontal_length=&#8220;0em&#8220; text_shadow_vertical_length=&#8220;0em&#8220; text_shadow_blur_strength=&#8220;0em&#8220; header_text_shadow_horizontal_length=&#8220;0em&#8220; header_text_shadow_vertical_length=&#8220;0em&#8220; header_text_shadow_blur_strength=&#8220;0em&#8220; body_text_shadow_horizontal_length=&#8220;0em&#8220; body_text_shadow_vertical_length=&#8220;0em&#8220; body_text_shadow_blur_strength=&#8220;0em&#8220; button_text_shadow_horizontal_length=&#8220;0em&#8220; button_text_shadow_vertical_length=&#8220;0em&#8220; button_text_shadow_blur_strength=&#8220;0em&#8220; \/][\/et_pb_fullwidth_slider][\/et_pb_section][et_pb_section bb_built=&#8220;1&#8243; _builder_version=&#8220;3.0.93&#8243; background_color=&#8220;#fce4b0&#8243; prev_background_color=&#8220;#ffffff&#8220;][et_pb_row _builder_version=&#8220;3.0.93&#8243; background_color=&#8220;#fce4b0&#8243;][et_pb_column type=&#8220;4_4&#8243;][et_pb_text admin_label=&#8220;Text Veranstaltungen 2018&#8243; _builder_version=&#8220;3.5.1&#8243; background_layout=&#8220;light&#8220;]<\/p>\n<h1><span class=\"h1-text\">Veranstaltungen 2018 im Familienzentrum<\/span><\/h1>\n<p>[\/et_pb_text][et_pb_text admin_label=&#8220;Termine&#8220; _builder_version=&#8220;3.21&#8243; text_line_height=&#8220;1em&#8220;]<\/p>\n<p><span style=\"font-size: 12pt\"><strong>Februar 2018<\/strong><b><u><br \/><\/u><\/b><\/span><\/p>\n<p><em>05.02.18 &#8211; 30.04.18<\/em> <strong>Gitarrenkurs f\u00fcr Erwachsene<\/strong>, 1x in der Woche mit Wolfgang We\u00dfkamp<\/p>\n<p><em>07.02.18 &#8211; 07.03.18<\/em> <strong>Mutter- Kind-Traumreisen<\/strong>, 1x in der Woche mit Yvonne Habrich<\/p>\n<p><em>09.02.18<\/em> <strong>Karnevalsfeier<\/strong><\/p>\n<p><em>26.02.18<\/em> Unsere <strong>U3 Kinder<\/strong> besuchen das <strong>Theater<\/strong><\/p>\n<p><span style=\"font-size: 12pt\"><b>M\u00e4rz 2018<u><br \/><\/u><\/b><\/span><\/p>\n<p><em>29.03.18<\/em> <strong>Osterfr\u00fchst\u00fcck<\/strong><\/p>\n<p><strong><span style=\"font-size: 12pt\">Mai 2018<u><br \/><\/u><\/span><\/strong><\/p>\n<p><em>07.05.18<\/em> <strong>Gitarrenkurs f\u00fcr Erwachsene<\/strong>, 1x in der Woche mit Wolfgang We\u00dfkamp<\/p>\n<p><strong><span style=\"font-size: 12pt\">Juni 2018<br \/><\/span><\/strong><\/p>\n<p><em>01.06.2018<\/em> Donnerstags, 10Uhr &#8211; 11Uhr, <strong>Cheerleading<\/strong> f\u00fcr Kinder von 2 bis 6 Jahre mit Vanessa Schumann und Lisa St\u00f6cker<\/p>\n<p>-&gt; Anmeldung \u00fcber das Familienzentrum<\/p>\n<p><em>18.06.18<\/em> <strong>Zuckerfest<\/strong><\/p>\n<p>Abschiedsfeier + \u00dcbernachtung der Vorschulkinder (genauer Termin folgt)<\/p>\n<p><span style=\"font-size: 12pt\"><b>Juli\/ August 2018<br \/><\/b><\/span><\/p>\n<p><em>16.07.18 &#8211; 06.08.18<\/em> <strong>Sommerferien &#8211; Die Einrichtung ist geschlossen<\/strong><\/p>\n<p><span style=\"font-size: 12pt\"><b>September 2018<br \/><\/b><\/span><\/p>\n<p><em>01.09.18<\/em> <strong>Fest ohne Grenzen<\/strong>, Corneliusplatz Krefeld ab 13:00 Uhr<\/p>\n<p><em>05.09.18 &#8211; 21.11.18<\/em> <strong>H\u00e4kelzauber<\/strong> (H\u00e4kelkurs f\u00fcr Erwachsene, Mittwochs, von 15Uhr bis 16:30Uhr)<\/p>\n<p>-&gt; \u00a0Anmeldungen \u00fcber das Familienzentrum<\/p>\n<p><em>08.09.18<\/em> <strong>Sommerfest<\/strong> 12:00 &#8211; 16:00 Uhr<\/p>\n<p><em>22.09.18<\/em> <strong>Kindertr\u00f6delmarkt<\/strong> 12:00 &#8211; 16:00 Uhr (in unserer Einrichtung)<\/p>\n<p>-&gt; \u00a0Anmeldungen \u00fcber das Familienzentrum<\/p>\n<p><span style=\"font-size: 12pt\"><b>November 2018<u><br \/><\/u><\/b><\/span><\/p>\n<p><em>06.11.18<\/em> <strong>St. Martin<\/strong> <\/p>\n<p><em>13.11.18<\/em> 14 Uhr &#8211; 16:00 Uhr Familien haben die M\u00f6glichkeit,<strong>Spiele von Spielwaren Lessenich<\/strong> in unserem Familienzentrum auszuprobieren und bei Bedarf zu erwerben<\/p>\n<p><span style=\"font-size: 12pt\"><b>Dezember 2018<u><br \/><\/u><\/b><\/span><\/p>\n<p><em>03.12.18<\/em> <strong>Eltern- Kind Fr\u00fchst\u00fcck<\/strong><\/p>\n<p><em>06.12.18<\/em> Der <strong>Nikolaus<\/strong> kommt! + Feier<\/p>\n<p><em>24.12.18 &#8211; 01.01.19<\/em> <strong>Weihnachtsferien<\/strong><\/p>\n<p>\u00a0<\/p>\n<p>\u00a0<\/p>\n<p>\u00a0<\/p>\n<p>\u00a0<\/p>\n<p>\u00a0<\/p>\n<p>\u00a0<\/p>\n<p>\u00a0<\/p>\n<p>\u00a0<\/p>\n<p>\u00a0<\/p>\n<p>\u00a0<\/p>\n<p>[\/et_pb_text][\/et_pb_column][\/et_pb_row][et_pb_row _builder_version=&#8220;3.0.93&#8243; background_color=&#8220;#fce4b0&#8243;][et_pb_column type=&#8220;4_4&#8243;][\/et_pb_column][\/et_pb_row][\/et_pb_section]<\/p>\n","protected":false},"excerpt":{"rendered":"<p>Veranstaltungen 2018 im Familienzentrum Februar 201805.02.18 &#8211; 30.04.18 Gitarrenkurs f\u00fcr Erwachsene, 1x in der Woche mit Wolfgang We\u00dfkamp07.02.18 &#8211; 07.03.18 Mutter- Kind-Traumreisen, 1x in der Woche mit Yvonne Habrich09.02.18 Karnevalsfeier26.02.18 Unsere U3 Kinder besuchen das TheaterM\u00e4rz 201829.03.18 Osterfr\u00fchst\u00fcckMai 201807.05.18 Gitarrenkurs f\u00fcr Erwachsene, 1x in der Woche mit Wolfgang We\u00dfkampJuni 201801.06.2018 Donnerstags, 10Uhr &#8211; 11Uhr, Cheerleading [&hellip;]<\/p>\n","protected":false},"author":5,"featured_media":0,"parent":0,"menu_order":0,"comment_status":"closed","ping_status":"closed","template":"","meta":{"_et_pb_use_builder":"on","_et_pb_old_content":"","_et_gb_content_width":"","footnotes":""},"_links":{"self":[{"href":"https:\/\/mumm-mg.de\/mumm-kids\/wp-json\/wp\/v2\/pages\/396"}],"collection":[{"href":"https:\/\/mumm-mg.de\/mumm-kids\/wp-json\/wp\/v2\/pages"}],"about":[{"href":"https:\/\/mumm-mg.de\/mumm-kids\/wp-json\/wp\/v2\/types\/page"}],"author":[{"embeddable":true,"href":"https:\/\/mumm-mg.de\/mumm-kids\/wp-json\/wp\/v2\/users\/5"}],"replies":[{"embeddable":true,"href":"https:\/\/mumm-mg.de\/mumm-kids\/wp-json\/wp\/v2\/comments?post=396"}],"version-history":[{"count":10,"href":"https:\/\/mumm-mg.de\/mumm-kids\/wp-json\/wp\/v2\/pages\/396\/revisions"}],"predecessor-version":[{"id":473,"href":"https:\/\/mumm-mg.de\/mumm-kids\/wp-json\/wp\/v2\/pages\/396\/revisions\/473"}],"wp:attachment":[{"href":"https:\/\/mumm-mg.de\/mumm-kids\/wp-json\/wp\/v2\/media?parent=396"}],"curies":[{"name":"wp","href":"https:\/\/api.w.org\/{rel}","templated":true}]}}

<p>[et_pb_section bb_built=&#8220;1&#8243; width_unit=&#8220;off&#8220; fullwidth=&#8220;on&#8220; specialty=&#8220;off&#8220; disabled=&#8220;off&#8220; module_id=&#8220;header-bild-mumm&#8220; custom_padding_tablet=&#8220;50px|0|50px|0&#8243; custom_padding_last_edited=&#8220;on|desktop&#8220; next_background_color=&#8220;#fce4b0&#8243; _builder_version=&#8220;3.0.101&#8243; global_module=&#8220;95&#8243;][et_pb_fullwidth_slider admin_label=&#8220;Header-Bild Mumm-Kids&#8220; global_parent=&#8220;95&#8243; show_arrows=&#8220;on&#8220; show_pagination=&#8220;on&#8220; show_image_video_mobile=&#8220;off&#8220; custom_button=&#8220;off&#8220; button_icon_placement=&#8220;right&#8220; disabled=&#8220;off&#8220; custom_padding=&#8220;|||&#8220; show_content_on_mobile=&#8220;on&#8220; show_cta_on_mobile=&#8220;on&#8220; _builder_version=&#8220;3.0.101&#8243; box_shadow_blur=&#8220;10px&#8220; box_shadow_color=&#8220;rgba(0,0,0,0.1)&#8220; button_text_size__hover_enabled=&#8220;off&#8220; button_text_size__hover=&#8220;null&#8220; button_one_text_size__hover_enabled=&#8220;off&#8220; button_one_text_size__hover=&#8220;null&#8220; button_two_text_size__hover_enabled=&#8220;off&#8220; button_two_text_size__hover=&#8220;null&#8220; button_text_color__hover_enabled=&#8220;off&#8220; button_text_color__hover=&#8220;null&#8220; button_one_text_color__hover_enabled=&#8220;off&#8220; button_one_text_color__hover=&#8220;null&#8220; button_two_text_color__hover_enabled=&#8220;off&#8220; button_two_text_color__hover=&#8220;null&#8220; button_border_width__hover_enabled=&#8220;off&#8220; button_border_width__hover=&#8220;null&#8220; button_one_border_width__hover_enabled=&#8220;off&#8220; button_one_border_width__hover=&#8220;null&#8220; button_two_border_width__hover_enabled=&#8220;off&#8220; button_two_border_width__hover=&#8220;null&#8220; button_border_color__hover_enabled=&#8220;off&#8220; button_border_color__hover=&#8220;null&#8220; button_one_border_color__hover_enabled=&#8220;off&#8220; button_one_border_color__hover=&#8220;null&#8220; button_two_border_color__hover_enabled=&#8220;off&#8220; button_two_border_color__hover=&#8220;null&#8220; button_border_radius__hover_enabled=&#8220;off&#8220; button_border_radius__hover=&#8220;null&#8220; button_one_border_radius__hover_enabled=&#8220;off&#8220; button_one_border_radius__hover=&#8220;null&#8220; button_two_border_radius__hover_enabled=&#8220;off&#8220; button_two_border_radius__hover=&#8220;null&#8220; button_letter_spacing__hover_enabled=&#8220;off&#8220; button_letter_spacing__hover=&#8220;null&#8220; button_one_letter_spacing__hover_enabled=&#8220;off&#8220; button_one_letter_spacing__hover=&#8220;null&#8220; button_two_letter_spacing__hover_enabled=&#8220;off&#8220; button_two_letter_spacing__hover=&#8220;null&#8220; button_bg_color__hover_enabled=&#8220;off&#8220; button_bg_color__hover=&#8220;null&#8220; button_one_bg_color__hover_enabled=&#8220;off&#8220; button_one_bg_color__hover=&#8220;null&#8220; button_two_bg_color__hover_enabled=&#8220;off&#8220; button_two_bg_color__hover=&#8220;null&#8220;][et_pb_slide button_link=&#8220;#&#8220; background_image=&#8220;https://mumm-mg.de/mumm-kids/wp-content/uploads/sites/7/2016/11/gummistiefel-1920&#215;800.jpg&#8220; background_position=&#8220;center&#8220; background_size=&#8220;cover&#8220; background_color=&#8220;#ffffff&#8220; use_bg_overlay=&#8220;off&#8220; use_text_overlay=&#8220;off&#8220; alignment=&#8220;center&#8220; background_layout=&#8220;dark&#8220; allow_player_pause=&#8220;off&#8220; text_border_radius=&#8220;3&#8243; header_font=&#8220;||||&#8220; body_font=&#8220;||||&#8220; custom_button=&#8220;off&#8220; button_font=&#8220;||||&#8220; button_use_icon=&#8220;on&#8220; button_on_hover=&#8220;on&#8220; disabled=&#8220;off&#8220; header_font_select=&#8220;default&#8220; body_font_select=&#8220;default&#8220; button_font_select=&#8220;default&#8220; _builder_version=&#8220;3.0.101&#8243; use_background_color_gradient=&#8220;off&#8220; background_color_gradient_start=&#8220;#2b87da&#8220; background_color_gradient_end=&#8220;#29c4a9&#8243; background_color_gradient_type=&#8220;linear&#8220; background_color_gradient_direction=&#8220;180deg&#8220; background_color_gradient_direction_radial=&#8220;center&#8220; background_color_gradient_start_position=&#8220;0%&#8220; background_color_gradient_end_position=&#8220;100%&#8220; background_color_gradient_overlays_image=&#8220;off&#8220; parallax=&#8220;off&#8220; parallax_method=&#8220;on&#8220; background_repeat=&#8220;no-repeat&#8220; background_blend=&#8220;normal&#8220; background_video_pause_outside_viewport=&#8220;on&#8220; child_filter_hue_rotate=&#8220;0deg&#8220; child_filter_saturate=&#8220;100%&#8220; child_filter_brightness=&#8220;100%&#8220; child_filter_contrast=&#8220;100%&#8220; child_filter_invert=&#8220;0%&#8220; child_filter_sepia=&#8220;0%&#8220; child_filter_opacity=&#8220;100%&#8220; child_filter_blur=&#8220;0px&#8220; child_mix_blend_mode=&#8220;normal&#8220; text_shadow_style=&#8220;none&#8220; header_text_shadow_style=&#8220;none&#8220; body_text_shadow_style=&#8220;none&#8220; button_bg_use_color_gradient=&#8220;off&#8220; button_bg_color_gradient_overlays_image=&#8220;off&#8220; button_text_shadow_style=&#8220;none&#8220; box_shadow_style_button=&#8220;none&#8220; text_shadow_horizontal_length=&#8220;0em&#8220; text_shadow_vertical_length=&#8220;0em&#8220; text_shadow_blur_strength=&#8220;0em&#8220; header_text_shadow_horizontal_length=&#8220;0em&#8220; header_text_shadow_vertical_length=&#8220;0em&#8220; header_text_shadow_blur_strength=&#8220;0em&#8220; body_text_shadow_horizontal_length=&#8220;0em&#8220; body_text_shadow_vertical_length=&#8220;0em&#8220; body_text_shadow_blur_strength=&#8220;0em&#8220; button_text_shadow_horizontal_length=&#8220;0em&#8220; button_text_shadow_vertical_length=&#8220;0em&#8220; button_text_shadow_blur_strength=&#8220;0em&#8220; /][/et_pb_fullwidth_slider][/et_pb_section][et_pb_section bb_built=&#8220;1&#8243; _builder_version=&#8220;3.0.93&#8243; background_color=&#8220;#fce4b0&#8243; prev_background_color=&#8220;#ffffff&#8220;][et_pb_row _builder_version=&#8220;3.0.93&#8243; background_color=&#8220;#fce4b0&#8243;][et_pb_column type=&#8220;4_4&#8243;][et_pb_text admin_label=&#8220;Text Veranstaltungen 2018&#8243; _builder_version=&#8220;3.5.1&#8243; background_layout=&#8220;light&#8220;]</p>
<h1><span class="h1-text">Veranstaltungen 2018 im Familienzentrum</span></h1>
<p>[/et_pb_text][et_pb_text admin_label=&#8220;Termine&#8220; _builder_version=&#8220;3.21&#8243; text_line_height=&#8220;1em&#8220;]</p>
<p><span style="font-size: 12pt"><strong>Februar 2018</strong><b><u><br /></u></b></span></p>
<p><em>05.02.18 &#8211; 30.04.18</em> <strong>Gitarrenkurs für Erwachsene</strong>, 1x in der Woche mit Wolfgang Weßkamp</p>
<p><em>07.02.18 &#8211; 07.03.18</em> <strong>Mutter- Kind-Traumreisen</strong>, 1x in der Woche mit Yvonne Habrich</p>
<p><em>09.02.18</em> <strong>Karnevalsfeier</strong></p>
<p><em>26.02.18</em> Unsere <strong>U3 Kinder</strong> besuchen das <strong>Theater</strong></p>
<p><span style="font-size: 12pt"><b>März 2018<u><br /></u></b></span></p>
<p><em>29.03.18</em> <strong>Osterfrühstück</strong></p>
<p><strong><span style="font-size: 12pt">Mai 2018<u><br /></u></span></strong></p>
<p><em>07.05.18</em> <strong>Gitarrenkurs für Erwachsene</strong>, 1x in der Woche mit Wolfgang Weßkamp</p>
<p><strong><span style="font-size: 12pt">Juni 2018<br /></span></strong></p>
<p><em>01.06.2018</em> Donnerstags, 10Uhr &#8211; 11Uhr, <strong>Cheerleading</strong> für Kinder von 2 bis 6 Jahre mit Vanessa Schumann und Lisa Stöcker</p>
<p>-&gt; Anmeldung über das Familienzentrum</p>
<p><em>18.06.18</em> <strong>Zuckerfest</strong></p>
<p>Abschiedsfeier + Übernachtung der Vorschulkinder (genauer Termin folgt)</p>
<p><span style="font-size: 12pt"><b>Juli/ August 2018<br /></b></span></p>
<p><em>16.07.18 &#8211; 06.08.18</em> <strong>Sommerferien &#8211; Die Einrichtung ist geschlossen</strong></p>
<p><span style="font-size: 12pt"><b>September 2018<br /></b></span></p>
<p><em>01.09.18</em> <strong>Fest ohne Grenzen</strong>, Corneliusplatz Krefeld ab 13:00 Uhr</p>
<p><em>05.09.18 &#8211; 21.11.18</em> <strong>Häkelzauber</strong> (Häkelkurs für Erwachsene, Mittwochs, von 15Uhr bis 16:30Uhr)</p>
<p>-&gt;  Anmeldungen über das Familienzentrum</p>
<p><em>08.09.18</em> <strong>Sommerfest</strong> 12:00 &#8211; 16:00 Uhr</p>
<p><em>22.09.18</em> <strong>Kindertrödelmarkt</strong> 12:00 &#8211; 16:00 Uhr (in unserer Einrichtung)</p>
<p>-&gt;  Anmeldungen über das Familienzentrum</p>
<p><span style="font-size: 12pt"><b>November 2018<u><br /></u></b></span></p>
<p><em>06.11.18</em> <strong>St. Martin</strong> </p>
<p><em>13.11.18</em> 14 Uhr &#8211; 16:00 Uhr Familien haben die Möglichkeit,<strong>Spiele von Spielwaren Lessenich</strong> in unserem Familienzentrum auszuprobieren und bei Bedarf zu erwerben</p>
<p><span style="font-size: 12pt"><b>Dezember 2018<u><br /></u></b></span></p>
<p><em>03.12.18</em> <strong>Eltern- Kind Frühstück</strong></p>
<p><em>06.12.18</em> Der <strong>Nikolaus</strong> kommt! + Feier</p>
<p><em>24.12.18 &#8211; 01.01.19</em> <strong>Weihnachtsferien</strong></p>
<p> </p>
<p> </p>
<p> </p>
<p> </p>
<p> </p>
<p> </p>
<p> </p>
<p> </p>
<p> </p>
<p> </p>
<p>[/et_pb_text][/et_pb_column][/et_pb_row][et_pb_row _builder_version=&#8220;3.0.93&#8243; background_color=&#8220;#fce4b0&#8243;][et_pb_column type=&#8220;4_4&#8243;][/et_pb_column][/et_pb_row][/et_pb_section]</p>

<p>Veranstaltungen 2018 im Familienzentrum Februar 201805.02.18 &#8211; 30.04.18 Gitarrenkurs für Erwachsene, 1x in der Woche mit Wolfgang Weßkamp07.02.18 &#8211; 07.03.18 Mutter- Kind-Traumreisen, 1x in der Woche mit Yvonne Habrich09.02.18 Karnevalsfeier26.02.18 Unsere U3 Kinder besuchen das TheaterMärz 201829.03.18 OsterfrühstückMai 201807.05.18 Gitarrenkurs für Erwachsene, 1x in der Woche mit Wolfgang WeßkampJuni 201801.06.2018 Donnerstags, 10Uhr &#8211; 11Uhr, Cheerleading [&hellip;]</p>
