{"id":48,"date":"2016-11-16T15:46:36","date_gmt":"2016-11-16T14:46:36","guid":{"rendered":"https:\/\/mumm-mg.de\/mummi\/?page_id=48"},"modified":"2025-04-14T12:24:06","modified_gmt":"2025-04-14T10:24:06","slug":"familienzentrum-ansprechpartner","status":"publish","type":"page","link":"https:\/\/mumm-mg.de\/mummi\/familienzentrum-ansprechpartner\/","title":{"rendered":"Familienzentrum &#8211; Ansprechpartner"},"content":{"rendered":"<p>[et_pb_section bb_built=&#8220;1&#8243; transparent_background=&#8220;off&#8220; width_unit=&#8220;off&#8220; fullwidth=&#8220;on&#8220; specialty=&#8220;off&#8220; disabled=&#8220;off&#8220; module_id=&#8220;header-bild-mumm&#8220; custom_padding_tablet=&#8220;50px|0|50px|0&#8243; custom_padding_last_edited=&#8220;on|desktop&#8220; next_background_color=&#8220;rgba(255,255,255,0)&#8220; _builder_version=&#8220;3.21&#8243; inner_width=&#8220;auto&#8220; inner_max_width=&#8220;1080px&#8220; background_color_gradient_stops=&#8220;#2b87da 0%|#29c4a9 100%&#8220; global_module=&#8220;95&#8243;][et_pb_fullwidth_image global_parent=&#8220;95&#8243; _builder_version=&#8220;4.20.2&#8243; src=&#8220;https:\/\/mumm-mg.de\/mummi\/wp-content\/uploads\/sites\/2\/2019\/09\/header2.jpg&#8220; background_pattern_color=&#8220;rgba(0,0,0,0.2)&#8220; background_mask_color=&#8220;#ffffff&#8220; box_shadow_horizontal_tablet=&#8220;0px&#8220; box_shadow_vertical_tablet=&#8220;0px&#8220; box_shadow_blur_tablet=&#8220;40px&#8220; box_shadow_spread_tablet=&#8220;0px&#8220; vertical_offset_tablet=&#8220;0&#8243; horizontal_offset_tablet=&#8220;0&#8243; z_index_tablet=&#8220;0&#8243; \/][\/et_pb_section][et_pb_section bb_built=&#8220;1&#8243; admin_label=&#8220;section&#8220; _builder_version=&#8220;3.22&#8243; background_color=&#8220;rgba(255,255,255,0)&#8220; transparent_background=&#8220;on&#8220; _i=&#8220;1&#8243; _address=&#8220;1&#8243; prev_background_color=&#8220;#ffffff&#8220; background_color_gradient_stops=&#8220;#2b87da 0%|#29c4a9 100%&#8220;][et_pb_row admin_label=&#8220;row&#8220; padding_mobile=&#8220;off&#8220; column_padding_mobile=&#8220;on&#8220; _builder_version=&#8220;4.20.2&#8243; background_size=&#8220;initial&#8220; background_position=&#8220;top_left&#8220; background_repeat=&#8220;repeat&#8220; _i=&#8220;0&#8243; _address=&#8220;1.0&#8243; background_color_gradient_stops=&#8220;#2b87da 0%|#29c4a9 100%&#8220;][et_pb_column type=&#8220;4_4&#8243; _builder_version=&#8220;3.25&#8243; custom_padding=&#8220;|||&#8220; _i=&#8220;0&#8243; _address=&#8220;1.0.0&#8243; custom_padding__hover=&#8220;|||&#8220; background_color_gradient_stops=&#8220;#2b87da 0%|#29c4a9 100%&#8220;][et_pb_team_member admin_label=&#8220;Person Alina &#8220; _builder_version=&#8220;4.20.2&#8243; background_pattern_color=&#8220;rgba(0,0,0,0.2)&#8220; background_mask_color=&#8220;#ffffff&#8220; box_shadow_horizontal_image_tablet=&#8220;0px&#8220; box_shadow_vertical_image_tablet=&#8220;0px&#8220; box_shadow_blur_image_tablet=&#8220;40px&#8220; box_shadow_spread_image_tablet=&#8220;0px&#8220; text_shadow_horizontal_length=&#8220;text_shadow_style,%91object Object%93&#8243; text_shadow_horizontal_length_tablet=&#8220;0px&#8220; text_shadow_vertical_length=&#8220;text_shadow_style,%91object Object%93&#8243; text_shadow_vertical_length_tablet=&#8220;0px&#8220; text_shadow_blur_strength=&#8220;text_shadow_style,%91object Object%93&#8243; text_shadow_blur_strength_tablet=&#8220;1px&#8220; header_text_shadow_horizontal_length=&#8220;header_text_shadow_style,%91object Object%93&#8243; header_text_shadow_horizontal_length_tablet=&#8220;0px&#8220; header_text_shadow_vertical_length=&#8220;header_text_shadow_style,%91object Object%93&#8243; header_text_shadow_vertical_length_tablet=&#8220;0px&#8220; header_text_shadow_blur_strength=&#8220;header_text_shadow_style,%91object Object%93&#8243; header_text_shadow_blur_strength_tablet=&#8220;1px&#8220; body_text_shadow_horizontal_length=&#8220;body_text_shadow_style,%91object Object%93&#8243; body_text_shadow_horizontal_length_tablet=&#8220;0px&#8220; body_text_shadow_vertical_length=&#8220;body_text_shadow_style,%91object Object%93&#8243; body_text_shadow_vertical_length_tablet=&#8220;0px&#8220; body_text_shadow_blur_strength=&#8220;body_text_shadow_style,%91object Object%93&#8243; body_text_shadow_blur_strength_tablet=&#8220;1px&#8220; body_link_text_shadow_horizontal_length=&#8220;body_link_text_shadow_style,%91object Object%93&#8243; body_link_text_shadow_horizontal_length_tablet=&#8220;0px&#8220; body_link_text_shadow_vertical_length=&#8220;body_link_text_shadow_style,%91object Object%93&#8243; body_link_text_shadow_vertical_length_tablet=&#8220;0px&#8220; body_link_text_shadow_blur_strength=&#8220;body_link_text_shadow_style,%91object Object%93&#8243; body_link_text_shadow_blur_strength_tablet=&#8220;1px&#8220; body_ul_text_shadow_horizontal_length=&#8220;body_ul_text_shadow_style,%91object Object%93&#8243; body_ul_text_shadow_horizontal_length_tablet=&#8220;0px&#8220; body_ul_text_shadow_vertical_length=&#8220;body_ul_text_shadow_style,%91object Object%93&#8243; body_ul_text_shadow_vertical_length_tablet=&#8220;0px&#8220; body_ul_text_shadow_blur_strength=&#8220;body_ul_text_shadow_style,%91object Object%93&#8243; body_ul_text_shadow_blur_strength_tablet=&#8220;1px&#8220; body_ol_text_shadow_horizontal_length=&#8220;body_ol_text_shadow_style,%91object Object%93&#8243; body_ol_text_shadow_horizontal_length_tablet=&#8220;0px&#8220; body_ol_text_shadow_vertical_length=&#8220;body_ol_text_shadow_style,%91object Object%93&#8243; body_ol_text_shadow_vertical_length_tablet=&#8220;0px&#8220; body_ol_text_shadow_blur_strength=&#8220;body_ol_text_shadow_style,%91object Object%93&#8243; body_ol_text_shadow_blur_strength_tablet=&#8220;1px&#8220; body_quote_text_shadow_horizontal_length=&#8220;body_quote_text_shadow_style,%91object Object%93&#8243; body_quote_text_shadow_horizontal_length_tablet=&#8220;0px&#8220; body_quote_text_shadow_vertical_length=&#8220;body_quote_text_shadow_style,%91object Object%93&#8243; body_quote_text_shadow_vertical_length_tablet=&#8220;0px&#8220; body_quote_text_shadow_blur_strength=&#8220;body_quote_text_shadow_style,%91object Object%93&#8243; body_quote_text_shadow_blur_strength_tablet=&#8220;1px&#8220; position_text_shadow_horizontal_length=&#8220;position_text_shadow_style,%91object Object%93&#8243; position_text_shadow_horizontal_length_tablet=&#8220;0px&#8220; position_text_shadow_vertical_length=&#8220;position_text_shadow_style,%91object Object%93&#8243; position_text_shadow_vertical_length_tablet=&#8220;0px&#8220; position_text_shadow_blur_strength=&#8220;position_text_shadow_style,%91object Object%93&#8243; position_text_shadow_blur_strength_tablet=&#8220;1px&#8220; box_shadow_horizontal_tablet=&#8220;0px&#8220; box_shadow_vertical_tablet=&#8220;0px&#8220; box_shadow_blur_tablet=&#8220;40px&#8220; box_shadow_spread_tablet=&#8220;0px&#8220; vertical_offset_tablet=&#8220;0&#8243; horizontal_offset_tablet=&#8220;0&#8243; z_index_tablet=&#8220;0&#8243;]<\/p>\n<p class=\"\" data-start=\"173\" data-end=\"237\"><strong data-start=\"173\" data-end=\"237\">Ansprechpartnerin f\u00fcr das Familienzentrum:\u00a0<\/strong><\/p>\n<p class=\"\" data-start=\"239\" data-end=\"420\">F\u00fcr s\u00e4mtliche Anliegen und Informationen rund um das Familienzentrum unserer Kindertageseinrichtung steht Ihnen <strong data-start=\"351\" data-end=\"372\">Frau Alina Pavlov<\/strong> als kompetente Ansprechpartnerin zur Verf\u00fcgung.<\/p>\n<p class=\"\" data-start=\"422\" data-end=\"613\">Ob es um Unterst\u00fctzungsangebote f\u00fcr Familien, Beratungsleistungen oder Informationen zu aktuellen Veranstaltungen geht \u2013 Frau Pavlov ber\u00e4t Sie gerne und steht Ihnen mit Rat und Tat zur Seite.<\/p>\n<p class=\"\" data-start=\"615\" data-end=\"758\"><strong data-start=\"615\" data-end=\"627\">Kontakt:<\/strong><br data-start=\"627\" data-end=\"630\" \/>Frau Alina Pavlov<br data-start=\"647\" data-end=\"650\" \/>Telefon: 02166\/9893811<br data-start=\"673\" data-end=\"676\" \/>E-Mail: mummi@mumm-mg.de<\/p>\n<p class=\"\" data-start=\"760\" data-end=\"860\"><strong data-start=\"760\" data-end=\"777\">Sprechzeiten:<\/strong><br data-start=\"777\" data-end=\"780\" \/>Montag-Freitags: von 07:30- 16:00 Uhr\u00a0<\/p>\n<p><img loading=\"lazy\" decoding=\"async\" class=\"alignnone size-medium wp-image-2722\" src=\"https:\/\/mumm-mg.de\/mummi\/wp-content\/uploads\/sites\/2\/2025\/01\/WhatsApp-Image-2025-01-22-at-15.22.43-4-225x300.jpeg\" alt=\"\" width=\"225\" height=\"300\" \/><\/p>\n<p>[\/et_pb_team_member][\/et_pb_column][\/et_pb_row][et_pb_row admin_label=&#8220;row&#8220; _builder_version=&#8220;3.25&#8243; background_size=&#8220;initial&#8220; background_position=&#8220;top_left&#8220; background_repeat=&#8220;repeat&#8220; _i=&#8220;1&#8243; _address=&#8220;1.1&#8243; background_color_gradient_stops=&#8220;#2b87da 0%|#29c4a9 100%&#8220;][et_pb_column type=&#8220;4_4&#8243; _builder_version=&#8220;3.25&#8243; custom_padding=&#8220;|||&#8220; _i=&#8220;0&#8243; _address=&#8220;1.1.0&#8243; custom_padding__hover=&#8220;|||&#8220; background_color_gradient_stops=&#8220;#2b87da 0%|#29c4a9 100%&#8220;][\/et_pb_column][\/et_pb_row][et_pb_row admin_label=&#8220;row&#8220; _builder_version=&#8220;3.25&#8243; background_size=&#8220;initial&#8220; background_position=&#8220;top_left&#8220; background_repeat=&#8220;repeat&#8220; make_fullwidth=&#8220;off&#8220; use_custom_width=&#8220;off&#8220; width_unit=&#8220;on&#8220; _i=&#8220;4&#8243; _address=&#8220;1.4&#8243; background_color_gradient_stops=&#8220;#2b87da 0%|#29c4a9 100%&#8220; global_module=&#8220;160&#8243;][et_pb_column type=&#8220;4_4&#8243; global_parent=&#8220;160&#8243; _builder_version=&#8220;3.25&#8243; custom_padding=&#8220;|||&#8220; _i=&#8220;0&#8243; _address=&#8220;1.4.0&#8243; custom_padding__hover=&#8220;|||&#8220; background_color_gradient_stops=&#8220;#2b87da 0%|#29c4a9 100%&#8220;][\/et_pb_column][\/et_pb_row][et_pb_row admin_label=&#8220;row&#8220; _builder_version=&#8220;3.25&#8243; background_size=&#8220;initial&#8220; background_position=&#8220;top_left&#8220; background_repeat=&#8220;repeat&#8220; _i=&#8220;3&#8243; _address=&#8220;1.3&#8243; background_color_gradient_stops=&#8220;#2b87da 0%|#29c4a9 100%&#8220;][et_pb_column type=&#8220;4_4&#8243; _builder_version=&#8220;3.25&#8243; custom_padding=&#8220;|||&#8220; _i=&#8220;0&#8243; _address=&#8220;1.3.0&#8243; custom_padding__hover=&#8220;|||&#8220; background_color_gradient_stops=&#8220;#2b87da 0%|#29c4a9 100%&#8220;][\/et_pb_column][\/et_pb_row][et_pb_row admin_label=&#8220;row&#8220; _builder_version=&#8220;3.25&#8243; background_size=&#8220;initial&#8220; background_position=&#8220;top_left&#8220; background_repeat=&#8220;repeat&#8220; make_fullwidth=&#8220;off&#8220; use_custom_width=&#8220;off&#8220; width_unit=&#8220;on&#8220; _i=&#8220;4&#8243; _address=&#8220;1.4&#8243; background_color_gradient_stops=&#8220;#2b87da 0%|#29c4a9 100%&#8220; global_module=&#8220;160&#8243;][et_pb_column type=&#8220;4_4&#8243; global_parent=&#8220;160&#8243; _builder_version=&#8220;3.25&#8243; custom_padding=&#8220;|||&#8220; _i=&#8220;0&#8243; _address=&#8220;1.4.0&#8243; custom_padding__hover=&#8220;|||&#8220; background_color_gradient_stops=&#8220;#2b87da 0%|#29c4a9 100%&#8220;][\/et_pb_column][\/et_pb_row][\/et_pb_section]<\/p>\n","protected":false},"excerpt":{"rendered":"<p>Ansprechpartnerin f\u00fcr das Familienzentrum:\u00a0F\u00fcr s\u00e4mtliche Anliegen und Informationen rund um das Familienzentrum unserer Kindertageseinrichtung steht Ihnen Frau Alina Pavlov als kompetente Ansprechpartnerin zur Verf\u00fcgung.Ob es um Unterst\u00fctzungsangebote f\u00fcr Familien, Beratungsleistungen oder Informationen zu aktuellen Veranstaltungen geht \u2013 Frau Pavlov ber\u00e4t Sie gerne und steht Ihnen mit Rat und Tat zur Seite.Kontakt:Frau Alina PavlovTelefon: 02166\/9893811E-Mail: mummi@mumm-mg.deSprechzeiten:Montag-Freitags: [&hellip;]<\/p>\n","protected":false},"author":1,"featured_media":0,"parent":0,"menu_order":0,"comment_status":"closed","ping_status":"closed","template":"","meta":{"_et_pb_use_builder":"on","_et_pb_old_content":"<p>Ansprechpartner<\/p>","_et_gb_content_width":"","footnotes":""},"_links":{"self":[{"href":"https:\/\/mumm-mg.de\/mummi\/wp-json\/wp\/v2\/pages\/48"}],"collection":[{"href":"https:\/\/mumm-mg.de\/mummi\/wp-json\/wp\/v2\/pages"}],"about":[{"href":"https:\/\/mumm-mg.de\/mummi\/wp-json\/wp\/v2\/types\/page"}],"author":[{"embeddable":true,"href":"https:\/\/mumm-mg.de\/mummi\/wp-json\/wp\/v2\/users\/1"}],"replies":[{"embeddable":true,"href":"https:\/\/mumm-mg.de\/mummi\/wp-json\/wp\/v2\/comments?post=48"}],"version-history":[{"count":11,"href":"https:\/\/mumm-mg.de\/mummi\/wp-json\/wp\/v2\/pages\/48\/revisions"}],"predecessor-version":[{"id":2755,"href":"https:\/\/mumm-mg.de\/mummi\/wp-json\/wp\/v2\/pages\/48\/revisions\/2755"}],"wp:attachment":[{"href":"https:\/\/mumm-mg.de\/mummi\/wp-json\/wp\/v2\/media?parent=48"}],"curies":[{"name":"wp","href":"https:\/\/api.w.org\/{rel}","templated":true}]}}