{"id":555,"date":"2018-01-25T09:34:53","date_gmt":"2018-01-25T08:34:53","guid":{"rendered":"https:\/\/mumm-mg.de\/mummi\/?page_id=555"},"modified":"2018-10-04T11:21:30","modified_gmt":"2018-10-04T09:21:30","slug":"veranstaltungen-2018","status":"publish","type":"page","link":"https:\/\/mumm-mg.de\/mummi\/veranstaltungen-2018\/","title":{"rendered":"Familienzentrum Veranstaltungen 2018"},"content":{"rendered":"<p>[et_pb_section fb_built=&#8220;1&#8243; fullwidth=&#8220;on&#8220; custom_padding_last_edited=&#8220;on|desktop&#8220; module_id=&#8220;header-bild-mumm&#8220; _builder_version=&#8220;3.0.101&#8243; custom_padding_tablet=&#8220;50px|0|50px|0&#8243; transparent_background=&#8220;off&#8220; padding_mobile=&#8220;off&#8220; global_module=&#8220;95&#8243;][et_pb_fullwidth_slider admin_label=&#8220;Header-Bild Mummi&#8220; _builder_version=&#8220;3.0.101&#8243; custom_padding=&#8220;|||&#8220;][et_pb_slide use_bg_overlay=&#8220;off&#8220; use_text_overlay=&#8220;off&#8220; _builder_version=&#8220;3.0.101&#8243; header_font=&#8220;||||&#8220; body_font=&#8220;||||&#8220; background_color=&#8220;#ffffff&#8220; background_image=&#8220;https:\/\/mumm-mg.de\/mummi\/wp-content\/uploads\/sites\/2\/2016\/11\/gummistiefel-1920&#215;800.jpg&#8220; button_on_hover=&#8220;on&#8220;][\/et_pb_slide][\/et_pb_fullwidth_slider][\/et_pb_section][et_pb_section fb_built=&#8220;1&#8243; _builder_version=&#8220;3.0.93&#8243; background_color=&#8220;#fce4b0&#8243;][et_pb_row _builder_version=&#8220;3.0.93&#8243; background_color=&#8220;#fce4b0&#8243;][et_pb_column type=&#8220;4_4&#8243; _builder_version=&#8220;3.0.47&#8243; parallax=&#8220;off&#8220; parallax_method=&#8220;on&#8220;][et_pb_text admin_label=&#8220;Veranstaltungen 2018 im Familienzentrum&#8220; _builder_version=&#8220;3.0.93&#8243;]<\/p>\n<h1><span class=\"h1-text\">Veranstaltungen 2018 im Familienzentrum<\/span><\/h1>\n<p>[\/et_pb_text][et_pb_text _builder_version=&#8220;3.0.101&#8243;]<\/p>\n<ul>\n<li>Offene Sprechstunde f\u00fcr Erziehungsfragen jeden 1. Montag im Monat<\/li>\n<li>Nachhilfe f\u00fcr Sch\u00fcler jeden Dienstag und Donnerstag \u00fcber den t\u00fcrkischen Elternverein von 14.00-18.00 Uhr<\/li>\n<li>Hilfe zum Kita-Navigator: jeden letzten Montag im Monat von 10.00-11.00 und von 14.00-15.00 Uhr<br \/> Details finden Sie unter <a href=\"..\/familienzentrum-veranstaltungen-2015#kita-navigator\">Veranstaltungen 2015 \/ Kita-Navigator<\/a><\/li>\n<li>Beratung durch HOME vertreten von Frau Matiukite findet immer dienstags von 8.00-9.00 Uhr statt.<\/li>\n<\/ul>\n<p>[\/et_pb_text][\/et_pb_column][\/et_pb_row][et_pb_row _builder_version=&#8220;3.0.93&#8243; background_color=&#8220;#fce4b0&#8243;][et_pb_column type=&#8220;1_2&#8243; _builder_version=&#8220;3.0.47&#8243; parallax=&#8220;off&#8220; parallax_method=&#8220;on&#8220;][et_pb_text _builder_version=&#8220;3.0.101&#8243;][\/et_pb_text][et_pb_text _builder_version=&#8220;3.0.101&#8243;]<\/p>\n<h2>Elterncaf\u00e9 am Vormittag<\/h2>\n<p>Liebe Eltern,<\/p>\n<p>unser Elterncaf\u00e9 am Vormittag startet wieder.<\/p>\n<p>Das Caf\u00e9 wird ab dem 20.11.2018 wieder jeden 3.Dienstag <\/p>\n<p>von 8.30-9.30 Uhr stattfinden. Frau Matiukaite freut sich<\/p>\n<p>\u00fcber Ihre Teilnahme.<\/p>\n<p>[\/et_pb_text][\/et_pb_column][et_pb_column type=&#8220;1_2&#8243; _builder_version=&#8220;3.0.47&#8243; parallax=&#8220;off&#8220; parallax_method=&#8220;on&#8220;][et_pb_image src=&#8220;https:\/\/mumm-mg.de\/mummi\/wp-content\/uploads\/sites\/2\/2016\/11\/Logo-HOME-Hilfe-und-Orientierung-f\u00fcr-M\u00f6nchengladbacher-Eltern.jpg&#8220; _builder_version=&#8220;3.0.101&#8243;][\/et_pb_image][\/et_pb_column][\/et_pb_row][\/et_pb_section]<\/p>\n","protected":false},"excerpt":{"rendered":"<p>Veranstaltungen 2018 im Familienzentrum Offene Sprechstunde f\u00fcr Erziehungsfragen jeden 1. Montag im Monat Nachhilfe f\u00fcr Sch\u00fcler jeden Dienstag und Donnerstag \u00fcber den t\u00fcrkischen Elternverein von 14.00-18.00 Uhr Hilfe zum Kita-Navigator: jeden letzten Montag im Monat von 10.00-11.00 und von 14.00-15.00 Uhr Details finden Sie unter Veranstaltungen 2015 \/ Kita-Navigator Beratung durch HOME vertreten von Frau [&hellip;]<\/p>\n","protected":false},"author":6,"featured_media":0,"parent":0,"menu_order":0,"comment_status":"closed","ping_status":"closed","template":"","meta":{"_et_pb_use_builder":"on","_et_pb_old_content":"<p>Elterngespr\u00e4che 2018<\/p>","_et_gb_content_width":"","footnotes":""},"_links":{"self":[{"href":"https:\/\/mumm-mg.de\/mummi\/wp-json\/wp\/v2\/pages\/555"}],"collection":[{"href":"https:\/\/mumm-mg.de\/mummi\/wp-json\/wp\/v2\/pages"}],"about":[{"href":"https:\/\/mumm-mg.de\/mummi\/wp-json\/wp\/v2\/types\/page"}],"author":[{"embeddable":true,"href":"https:\/\/mumm-mg.de\/mummi\/wp-json\/wp\/v2\/users\/6"}],"replies":[{"embeddable":true,"href":"https:\/\/mumm-mg.de\/mummi\/wp-json\/wp\/v2\/comments?post=555"}],"version-history":[{"count":8,"href":"https:\/\/mumm-mg.de\/mummi\/wp-json\/wp\/v2\/pages\/555\/revisions"}],"predecessor-version":[{"id":741,"href":"https:\/\/mumm-mg.de\/mummi\/wp-json\/wp\/v2\/pages\/555\/revisions\/741"}],"wp:attachment":[{"href":"https:\/\/mumm-mg.de\/mummi\/wp-json\/wp\/v2\/media?parent=555"}],"curies":[{"name":"wp","href":"https:\/\/api.w.org\/{rel}","templated":true}]}}