{"id":2458,"date":"2022-03-23T10:40:28","date_gmt":"2022-03-23T09:40:28","guid":{"rendered":"https:\/\/mumm-mg.de\/mummtasia\/?page_id=2458"},"modified":"2025-10-27T14:57:50","modified_gmt":"2025-10-27T13:57:50","slug":"familienzentrum","status":"publish","type":"page","link":"https:\/\/mumm-mg.de\/mummtasia\/familienzentrum\/","title":{"rendered":"Familienzentrum"},"content":{"rendered":"<p>[et_pb_section fb_built=&#8220;1&#8243; fullwidth=&#8220;on&#8220; custom_padding_last_edited=&#8220;on|desktop&#8220; module_id=&#8220;header-bild-mumm&#8220; _builder_version=&#8220;4.16&#8243; custom_padding_tablet=&#8220;50px|0|50px|0&#8243; custom_padding_phone=&#8220;&#8220; transparent_background=&#8220;off&#8220; padding_mobile=&#8220;off&#8220; make_fullwidth=&#8220;off&#8220; use_custom_width=&#8220;off&#8220; width_unit=&#8220;off&#8220; global_module=&#8220;95&#8243; global_colors_info=&#8220;{}&#8220;][et_pb_fullwidth_slider admin_label=&#8220;Header-Bild Mummi&#8220; _builder_version=&#8220;4.16&#8243; custom_padding=&#8220;|||&#8220; global_colors_info=&#8220;{}&#8220; button_text_size__hover_enabled=&#8220;off&#8220; button_text_size__hover=&#8220;null&#8220; button_one_text_size__hover_enabled=&#8220;off&#8220; button_one_text_size__hover=&#8220;null&#8220; button_two_text_size__hover_enabled=&#8220;off&#8220; button_two_text_size__hover=&#8220;null&#8220; button_text_color__hover_enabled=&#8220;off&#8220; button_text_color__hover=&#8220;null&#8220; button_one_text_color__hover_enabled=&#8220;off&#8220; button_one_text_color__hover=&#8220;null&#8220; button_two_text_color__hover_enabled=&#8220;off&#8220; button_two_text_color__hover=&#8220;null&#8220; button_border_width__hover_enabled=&#8220;off&#8220; button_border_width__hover=&#8220;null&#8220; button_one_border_width__hover_enabled=&#8220;off&#8220; button_one_border_width__hover=&#8220;null&#8220; button_two_border_width__hover_enabled=&#8220;off&#8220; button_two_border_width__hover=&#8220;null&#8220; button_border_color__hover_enabled=&#8220;off&#8220; button_border_color__hover=&#8220;null&#8220; button_one_border_color__hover_enabled=&#8220;off&#8220; button_one_border_color__hover=&#8220;null&#8220; button_two_border_color__hover_enabled=&#8220;off&#8220; button_two_border_color__hover=&#8220;null&#8220; button_border_radius__hover_enabled=&#8220;off&#8220; button_border_radius__hover=&#8220;null&#8220; button_one_border_radius__hover_enabled=&#8220;off&#8220; button_one_border_radius__hover=&#8220;null&#8220; button_two_border_radius__hover_enabled=&#8220;off&#8220; button_two_border_radius__hover=&#8220;null&#8220; button_letter_spacing__hover_enabled=&#8220;off&#8220; button_letter_spacing__hover=&#8220;null&#8220; button_one_letter_spacing__hover_enabled=&#8220;off&#8220; button_one_letter_spacing__hover=&#8220;null&#8220; button_two_letter_spacing__hover_enabled=&#8220;off&#8220; button_two_letter_spacing__hover=&#8220;null&#8220; button_bg_color__hover_enabled=&#8220;off&#8220; button_bg_color__hover=&#8220;null&#8220; button_one_bg_color__hover_enabled=&#8220;off&#8220; button_one_bg_color__hover=&#8220;null&#8220; button_two_bg_color__hover_enabled=&#8220;off&#8220; button_two_bg_color__hover=&#8220;null&#8220;][et_pb_slide use_bg_overlay=&#8220;off&#8220; use_text_overlay=&#8220;off&#8220; _builder_version=&#8220;4.16&#8243; header_font=&#8220;||||&#8220; body_font=&#8220;||||&#8220; background_color=&#8220;#ffffff&#8220; background_image=&#8220;https:\/\/mumm-mg.de\/flummi\/wp-content\/uploads\/sites\/3\/2019\/09\/header2.jpg&#8220; button_on_hover=&#8220;on&#8220; global_colors_info=&#8220;{}&#8220; sticky_transition=&#8220;on&#8220;][\/et_pb_slide][\/et_pb_fullwidth_slider][\/et_pb_section][et_pb_section fb_built=&#8220;1&#8243; admin_label=&#8220;section&#8220; _builder_version=&#8220;4.16&#8243; background_color=&#8220;rgba(255,255,255,0)&#8220; transparent_background=&#8220;on&#8220; make_fullwidth=&#8220;off&#8220; use_custom_width=&#8220;off&#8220; width_unit=&#8220;on&#8220; global_colors_info=&#8220;{}&#8220;][et_pb_row padding_mobile=&#8220;off&#8220; column_padding_mobile=&#8220;on&#8220; admin_label=&#8220;row&#8220; _builder_version=&#8220;4.16&#8243; background_size=&#8220;initial&#8220; background_position=&#8220;top_left&#8220; background_repeat=&#8220;repeat&#8220; make_fullwidth=&#8220;off&#8220; use_custom_width=&#8220;off&#8220; width_unit=&#8220;off&#8220; global_colors_info=&#8220;{}&#8220;][et_pb_column type=&#8220;4_4&#8243; _builder_version=&#8220;4.16&#8243; custom_padding=&#8220;|||&#8220; global_colors_info=&#8220;{}&#8220; custom_padding__hover=&#8220;|||&#8220;][et_pb_text admin_label=&#8220;\u00dcberschrift Aktuelles&#8220; _builder_version=&#8220;4.20.2&#8243; background_size=&#8220;initial&#8220; background_position=&#8220;top_left&#8220; background_repeat=&#8220;repeat&#8220; vertical_offset_tablet=&#8220;0&#8243; horizontal_offset_tablet=&#8220;0&#8243; z_index_tablet=&#8220;0&#8243; text_text_shadow_horizontal_length_tablet=&#8220;0px&#8220; text_text_shadow_vertical_length_tablet=&#8220;0px&#8220; text_text_shadow_blur_strength_tablet=&#8220;1px&#8220; link_text_shadow_horizontal_length_tablet=&#8220;0px&#8220; link_text_shadow_vertical_length_tablet=&#8220;0px&#8220; link_text_shadow_blur_strength_tablet=&#8220;1px&#8220; ul_text_shadow_horizontal_length_tablet=&#8220;0px&#8220; ul_text_shadow_vertical_length_tablet=&#8220;0px&#8220; ul_text_shadow_blur_strength_tablet=&#8220;1px&#8220; ol_text_shadow_horizontal_length_tablet=&#8220;0px&#8220; ol_text_shadow_vertical_length_tablet=&#8220;0px&#8220; ol_text_shadow_blur_strength_tablet=&#8220;1px&#8220; quote_text_shadow_horizontal_length_tablet=&#8220;0px&#8220; quote_text_shadow_vertical_length_tablet=&#8220;0px&#8220; quote_text_shadow_blur_strength_tablet=&#8220;1px&#8220; header_text_shadow_horizontal_length_tablet=&#8220;0px&#8220; header_text_shadow_vertical_length_tablet=&#8220;0px&#8220; header_text_shadow_blur_strength_tablet=&#8220;1px&#8220; header_2_text_shadow_horizontal_length_tablet=&#8220;0px&#8220; header_2_text_shadow_vertical_length_tablet=&#8220;0px&#8220; header_2_text_shadow_blur_strength_tablet=&#8220;1px&#8220; header_3_text_shadow_horizontal_length_tablet=&#8220;0px&#8220; header_3_text_shadow_vertical_length_tablet=&#8220;0px&#8220; header_3_text_shadow_blur_strength_tablet=&#8220;1px&#8220; header_4_text_shadow_horizontal_length_tablet=&#8220;0px&#8220; header_4_text_shadow_vertical_length_tablet=&#8220;0px&#8220; header_4_text_shadow_blur_strength_tablet=&#8220;1px&#8220; header_5_text_shadow_horizontal_length_tablet=&#8220;0px&#8220; header_5_text_shadow_vertical_length_tablet=&#8220;0px&#8220; header_5_text_shadow_blur_strength_tablet=&#8220;1px&#8220; header_6_text_shadow_horizontal_length_tablet=&#8220;0px&#8220; header_6_text_shadow_vertical_length_tablet=&#8220;0px&#8220; header_6_text_shadow_blur_strength_tablet=&#8220;1px&#8220; box_shadow_horizontal_tablet=&#8220;0px&#8220; box_shadow_vertical_tablet=&#8220;0px&#8220; box_shadow_blur_tablet=&#8220;40px&#8220; box_shadow_spread_tablet=&#8220;0px&#8220; use_border_color=&#8220;off&#8220; global_colors_info=&#8220;{}&#8220;]<\/p>\n<h2>Familienzentrum &#8222;MummTasia&#8220; und &#8222;MummBl\u00fcmchen&#8220;<\/h2>\n<p>[\/et_pb_text][et_pb_text _builder_version=&#8220;4.20.2&#8243; vertical_offset_tablet=&#8220;0&#8243; horizontal_offset_tablet=&#8220;0&#8243; z_index_tablet=&#8220;0&#8243; text_text_shadow_horizontal_length_tablet=&#8220;0px&#8220; text_text_shadow_vertical_length_tablet=&#8220;0px&#8220; text_text_shadow_blur_strength_tablet=&#8220;1px&#8220; link_text_shadow_horizontal_length_tablet=&#8220;0px&#8220; link_text_shadow_vertical_length_tablet=&#8220;0px&#8220; link_text_shadow_blur_strength_tablet=&#8220;1px&#8220; ul_text_shadow_horizontal_length_tablet=&#8220;0px&#8220; ul_text_shadow_vertical_length_tablet=&#8220;0px&#8220; ul_text_shadow_blur_strength_tablet=&#8220;1px&#8220; ol_text_shadow_horizontal_length_tablet=&#8220;0px&#8220; ol_text_shadow_vertical_length_tablet=&#8220;0px&#8220; ol_text_shadow_blur_strength_tablet=&#8220;1px&#8220; quote_text_shadow_horizontal_length_tablet=&#8220;0px&#8220; quote_text_shadow_vertical_length_tablet=&#8220;0px&#8220; quote_text_shadow_blur_strength_tablet=&#8220;1px&#8220; header_text_shadow_horizontal_length_tablet=&#8220;0px&#8220; header_text_shadow_vertical_length_tablet=&#8220;0px&#8220; header_text_shadow_blur_strength_tablet=&#8220;1px&#8220; header_2_text_shadow_horizontal_length_tablet=&#8220;0px&#8220; header_2_text_shadow_vertical_length_tablet=&#8220;0px&#8220; header_2_text_shadow_blur_strength_tablet=&#8220;1px&#8220; header_3_text_shadow_horizontal_length_tablet=&#8220;0px&#8220; header_3_text_shadow_vertical_length_tablet=&#8220;0px&#8220; header_3_text_shadow_blur_strength_tablet=&#8220;1px&#8220; header_4_text_shadow_horizontal_length_tablet=&#8220;0px&#8220; header_4_text_shadow_vertical_length_tablet=&#8220;0px&#8220; header_4_text_shadow_blur_strength_tablet=&#8220;1px&#8220; header_5_text_shadow_horizontal_length_tablet=&#8220;0px&#8220; header_5_text_shadow_vertical_length_tablet=&#8220;0px&#8220; header_5_text_shadow_blur_strength_tablet=&#8220;1px&#8220; header_6_text_shadow_horizontal_length_tablet=&#8220;0px&#8220; header_6_text_shadow_vertical_length_tablet=&#8220;0px&#8220; header_6_text_shadow_blur_strength_tablet=&#8220;1px&#8220; box_shadow_horizontal_tablet=&#8220;0px&#8220; box_shadow_vertical_tablet=&#8220;0px&#8220; box_shadow_blur_tablet=&#8220;40px&#8220; box_shadow_spread_tablet=&#8220;0px&#8220; global_colors_info=&#8220;{}&#8220;]<\/p>\n<p>Unser Familienzentrum ist ein Zusammenschluss aus unserer Einrichtung und der Kita MummBl\u00fcmchen, diese liegt auf der \u201eGracht 31\u201c.<\/p>\n<p>Sowohl die Kindertagesst\u00e4tten als auch das Familienzentrum haben einen Bildungs- und Betreuungsauftrag. Dieser beinhaltet, die Kinder zu Verantwortungsbereitschaft, Gemeinsinn und Toleranz zu erziehen. Ihre interkulturelle Kompetenz soll gest\u00e4rkt und die kulturellen F\u00e4higkeiten herausgebildet werden.<\/p>\n<p>\u00a0Zudem dient das Familienzentrum als eine Art Knotenpunkt, welches es erm\u00f6glicht, Kinder und Familien individuell zu begleiten und zu f\u00f6rdern. Dazu bieten wir vielf\u00e4ltige Angebote und Informationen zu Erziehung, Bildung und Belastungssituationen im Alltag. Das Bildungs- und Beratungsangebot richtet sich jeweils an konkrete Bed\u00fcrfnisse vor Ort. Dabei liegt der Fokus nicht nur \u00a0auf die fr\u00fchzeitige und passgenaue F\u00f6rderung der Kinder, sondern auch auf den Eltern und der Vereinbarkeit von Familie und Job. Als Tr\u00e4ger wollen wir zur Vereinbarkeit von Familie und Beruf beitragen durch bedarfsgerechte \u00d6ffnungszeiten und Angebote f\u00fcr alle Altersgruppen sowie Angebote f\u00fcr besondere Zielgruppen, Alleinerziehende oder z.B. f\u00fcr Familien mit Migrationshintergrund, Familien mit behinderten Kindern oder benachteiligte Familien und ihre Kinder.<\/p>\n<p>Gemeinsam bieten wir:<\/p>\n<ul>\n<li>Kurspartnerschaften<\/li>\n<li>Regelm\u00e4\u00dfig stattfindende Elterncafes<\/li>\n<li>Angebote zur Gesundheits- und Bewegungsf\u00f6rderung (z.B. Kinderturnen)<\/li>\n<li>Themenbezogene Elternabende<\/li>\n<li>Ansprechpartner f\u00fcr unterschiedliche Themenbereiche zur Vermittlung<\/li>\n<li>Offene Sprechstunde mit dem Kooperationspartner \u201eHOME\u201c (momentan: Mittwoch von 8: 00Uhr- 9:00 Uhr)<\/li>\n<li>Vermittlung von Babysittern<\/li>\n<\/ul>\n<h4><strong>Weitere Informationen<\/strong><\/h4>\n<p><strong>\u00d6ffnungszeiten:<\/strong><\/p>\n<p>7:30 Uhr \u2013 16:30 Uhr\u00a0<\/p>\n<p>Angebote des Familienzentrums k\u00f6nnen auch au\u00dferhalb der \u00d6ffnungszeiten und am Wochenende stattfinden.<\/p>\n<p>Die \u00d6ffnungszeiten werden j\u00e4hrlich in unserer Bedarfsabfrage \u00fcberpr\u00fcft und ggf. angepasst.<\/p>\n<h4><strong>E \u2013 Mail und Homepage:<\/strong><\/h4>\n<p>mummtasia@mumm-mg.de<\/p>\n<p><a href=\"https:\/\/mumm-mg.de\/mummtasia\/\">MummTasia<\/a><\/p>\n<p>mummbluemchen@mumm-mg.de<\/p>\n<p><a href=\"https:\/\/mumm-mg.de\/mummbluemchen\/\">MummBl\u00fcmchen<\/a><\/p>\n<h4><strong> Leitung:<\/strong><\/h4>\n<p><strong>MummTasia:<\/strong>\u00a0Paulina G\u00f6rlitz<\/p>\n<p><strong>MummBl\u00fcmchen:\u00a0<\/strong>Heiko Oellers<\/p>\n<p><strong><\/strong><\/p>\n<p>[\/et_pb_text][\/et_pb_column][\/et_pb_row][\/et_pb_section]<\/p>\n","protected":false},"excerpt":{"rendered":"<p>Familienzentrum &#8222;MummTasia&#8220; und &#8222;MummBl\u00fcmchen&#8220; Unser Familienzentrum ist ein Zusammenschluss aus unserer Einrichtung und der Kita MummBl\u00fcmchen, diese liegt auf der \u201eGracht 31\u201c. Sowohl die Kindertagesst\u00e4tten als auch das Familienzentrum haben einen Bildungs- und Betreuungsauftrag. Dieser beinhaltet, die Kinder zu Verantwortungsbereitschaft, Gemeinsinn und Toleranz zu erziehen. Ihre interkulturelle Kompetenz soll gest\u00e4rkt und die kulturellen F\u00e4higkeiten herausgebildet [&hellip;]<\/p>\n","protected":false},"author":11,"featured_media":0,"parent":0,"menu_order":0,"comment_status":"closed","ping_status":"closed","template":"","meta":{"_et_pb_use_builder":"on","_et_pb_old_content":"","_et_gb_content_width":"","footnotes":""},"_links":{"self":[{"href":"https:\/\/mumm-mg.de\/mummtasia\/wp-json\/wp\/v2\/pages\/2458"}],"collection":[{"href":"https:\/\/mumm-mg.de\/mummtasia\/wp-json\/wp\/v2\/pages"}],"about":[{"href":"https:\/\/mumm-mg.de\/mummtasia\/wp-json\/wp\/v2\/types\/page"}],"author":[{"embeddable":true,"href":"https:\/\/mumm-mg.de\/mummtasia\/wp-json\/wp\/v2\/users\/11"}],"replies":[{"embeddable":true,"href":"https:\/\/mumm-mg.de\/mummtasia\/wp-json\/wp\/v2\/comments?post=2458"}],"version-history":[{"count":8,"href":"https:\/\/mumm-mg.de\/mummtasia\/wp-json\/wp\/v2\/pages\/2458\/revisions"}],"predecessor-version":[{"id":2889,"href":"https:\/\/mumm-mg.de\/mummtasia\/wp-json\/wp\/v2\/pages\/2458\/revisions\/2889"}],"wp:attachment":[{"href":"https:\/\/mumm-mg.de\/mummtasia\/wp-json\/wp\/v2\/media?parent=2458"}],"curies":[{"name":"wp","href":"https:\/\/api.w.org\/{rel}","templated":true}]}}